019
List the prime factors of 8705398.
2, 13, 191, 1753
What are the prime factors of 862976759?
14851, 58109
What are the prime factors of 4186328456?
2, 523291057
List the prime factors of 152732799.
3, 16970311
What are the prime factors of 2373835013?
11, 31, 6961393
List the prime factors of 230294475.
3, 5, 37, 9221
List the prime factors of 161502791.
73, 661, 3347
List the prime factors of 4164246.
2, 3, 231347
List the prime factors of 2997910941.
3, 61, 16382027
List the prime factors of 393352873.
383, 1027031
List the prime factors of 103897127.
4457, 23311
List the prime factors of 47137819.
139, 339121
What are the prime factors of 61341151?
17, 97, 37199
List the prime factors of 34165863.
3, 733, 5179
What are the prime factors of 214546261?
67, 3202183
List the prime factors of 3628707803.
7, 47, 11029507
What are the prime factors of 130983213?
3, 83, 526037
List the prime factors of 67035067.
11, 89, 68473
List the prime factors of 4384977765.
3, 5, 7, 1097, 38069
What are the prime factors of 792580409?
17, 46622377
List the prime factors of 126773347.
1871, 67757
List the prime factors of 563292390.
2, 3, 5, 18776413
What are the prime factors of 3325839331?
67, 49639393
What are the prime factors of 159785620?
2, 5, 67, 119243
What are the prime factors of 746483785?
5, 883, 169079
List the prime factors of 71897682.
2, 3, 41, 292267
What are the prime factors of 104348568?
2, 3, 4347857
What are the prime factors of 963424840?
2, 5, 7, 109, 31567
What are the prime factors of 1733887816?
2, 216735977
What are the prime factors of 8204626?
2, 383, 10711
List the prime factors of 33534572.
2, 67, 157, 797
What are the prime factors of 43866221?
7, 23, 38923
List the prime factors of 6062779023.
3, 7, 43, 6714041
What are the prime factors of 1428452954?
2, 714226477
What are the prime factors of 26860201?
26860201
What are the prime factors of 140937844?
2, 35234461
What are the prime factors of 346577286?
2, 3, 11, 251, 20921
List the prime factors of 383804992.
2, 5996953
What are the prime factors of 2584506736?
2, 7, 17, 557, 2437
What are the prime factors of 1412244371?
1412244371
What are the prime factors of 804019115?
5, 160803823
List the prime factors of 1212129245.
5, 131, 491, 3769
What are the prime factors of 481190813?
3167, 151939
What are the prime factors of 1416394126?
2, 7, 821, 123229
List the prime factors of 256180124.
2, 59, 1085509
What are the prime factors of 60968254?
2, 277, 110051
What are the prime factors of 148484512?
2, 11, 421831
List the prime factors of 74865768.
2, 3, 3119407
List the prime factors of 7897882531.
7, 11, 23, 4459561
What are the prime factors of 798941479?
7, 59, 1934483
List the prime factors of 21796962.
2, 3, 11, 23, 83, 173
List the prime factors of 2800685949.
3, 933561983
List the prime factors of 399283976.
2, 7, 13, 331, 1657
What are the prime factors of 107584079?
107584079
What are the prime factors of 81741206?
2, 67, 307, 1987
What are the prime factors of 881489090?
2, 5, 88148909
What are the prime factors of 44219670?
2, 3, 5, 11, 133999
List the prime factors of 339125199.
3, 7, 16148819
List the prime factors of 108414995.
5, 13, 37, 61, 739
What are the prime factors of 110993147?
23, 4825789
What are the prime factors of 1651331537?
43, 139, 173, 1597
What are the prime factors of 43927496?
2, 31, 177127
List the prime factors of 664579672.
2, 83, 241, 4153
What are the prime factors of 4366180463?
29, 150557947
List the prime factors of 315458655.
3, 5, 673, 31249
What are the prime factors of 274339424?
2, 8573107
List the prime factors of 7886883899.
17, 269, 1724663
List the prime factors of 53449476.
2, 3, 617, 7219
List the prime factors of 280558592.
2, 83, 3301
What are the prime factors of 27774582?
2, 3, 11, 67, 571
List the prime factors of 302860682.
2, 151430341
List the prime factors of 226610614.
2, 229, 494783
What are the prime factors of 50203952?
2, 3137747
What are the prime factors of 62792397?
3, 19, 367207
List the prime factors of 356667579.
3, 397, 99823
List the prime factors of 3919727025.
3, 5, 139, 41777
List the prime factors of 117830485.
5, 17, 317, 4373
What are the prime factors of 62689889?
457, 137177
What are the prime factors of 2161348074?
2, 3, 17, 7063229
List the prime factors of 10400025.
3, 5, 23, 6029
List the prime factors of 21439468.
2, 29, 184823
List the prime factors of 175178750.
2, 5, 140143
What are the prime factors of 133013804?
2, 7, 11, 431863
What are the prime factors of 144458616?
2, 3, 631, 9539
List the prime factors of 5271158.
2, 67, 139, 283
What are the prime factors of 104335697?
104335697
What are the prime factors of 2777814?
2, 3, 13, 1319
What are the prime factors of 455151977?
7, 7333, 8867
List the prime factors of 1040337260.
2, 5, 179, 290597
What are the prime factors of 115610690?
2, 5, 13, 889313
List the prime factors of 4752819334.
2, 19, 67, 1866779
List the prime factors of 611005170.
2, 3, 5, 47, 433337
List the prime factors of 352340725.
5, 11, 17, 75367
What are the prime factors of 27536098?
2, 13768049
What are the prime factors of 102744799?
19, 73, 74077
List the prime factors of 5088357489.
3, 127, 2311, 5779
What are the prime factors of 1914315059?
23081, 82939
List the prime factors of 40036106.
2, 11, 293, 6211
List the prime factors of 22609081.
11, 41, 50131
List the prime factors of 2496932271.
3, 137, 675029
List the prime factors of 729665775.
3, 5, 3242959
What are the prime factors of 2674297911?
3, 2819, 316223
List the prime factors of 33710303.
11, 17, 71, 2539
What are the prime factors of 4212453400?
2, 5, 21062267
What are the prime factors of 108477976?
2, 293, 46279
What are the prime factors of 115489576?
2, 14436197
What are the prime factors of 83719815?
3, 5, 17, 569, 577
List the prime factors of 1066949389.
11, 19, 5105021
List the prime factors of 1104611306.
2, 552305653
What are the prime factors of 250446147?
3, 7, 43, 53, 5233
What are the prime factors of 22404204?
2, 3, 41, 43, 353
List the prime factors of 39222960.
2, 3, 5, 7, 37, 631
What are the prime factors of 304805535?
3, 5, 1193, 17033
What are the prime factors of 125992995?
3, 5, 8399533
List the prime factors of 2080215207.
3, 7, 33019289
List the prime factors of 225470894.
2, 11, 433, 23669
What are the prime factors of 958134634?
2, 71, 103, 109, 601
List the prime factors of 1329180072.
2, 3, 11, 5034773
List the prime factors of 106680770.
2, 5, 7, 41, 37171
List the prime factors of 374697347.
19, 23, 857431
What are the prime factors of 117066605?
5, 2297, 10193
What are the prime factors of 124187720?
2, 5, 17, 181, 1009
List the prime factors of 164240699.
7, 3351851
List the prime factors of 874994407.
7, 41, 3048761
What are the prime factors of 43204671?
3, 177797
What are the prime factors of 1014743980?
2, 5, 461, 110059
List the prime factors of 1563099914.
2, 2143, 364699
List the prime factors of 11335823.
131, 86533
List the prime factors of 13926523.
13, 23, 47, 991
List the prime factors of 6601280174.
2, 653, 2161, 2339
What are the prime factors of 124781567?
2137, 58391
What are the prime factors of 1046366029?
47, 2903, 7669
What are the prime factors of 356433196?
2, 7, 1031, 12347
List the prime factors of 148086122.
2, 29, 2553209
List the prime factors of 1219280176.
2, 29, 2627759
What are the prime factors of 228719288?
2, 7, 29, 140837
List the prime factors of 81509291.
163, 500057
What are the prime factors of 302431042?
2, 151215521
List the prime factors of 2511906758.
2, 1255953379
List the prime factors of 2211655042.
2, 1531, 722291
What are the prime factors of 4781988717?
3, 11, 144908749
List the prime factors of 1007184023.
17, 59246119
List the prime factors of 173844847.
11, 3041, 5197
What are the prime factors of 88611654?
2, 3, 53, 67, 4159
What are the prime factors of 2395886403?
3, 769, 1038529
What are the prime factors of 2575843674?
2, 3, 429307279
What are the prime factors of 34596654?
2, 3, 5766109
What are the prime factors of 1283593365?
3, 5, 9508099
What are the prime factors of 3101743888?
2, 211, 918763
List the prime factors of 2757408039.
3, 97, 859, 3677
What are the prime factors of 1306252627?
